 43 divide 69574?
True
Is 76 a factor of 115672?
True
Is 64 a factor of 1188198?
False
Is 71 a factor of 23691?
False
Does 5 divide 193827?
False
Is 87 a factor of 330948?
True
Does 17 divide 23786?
False
Is 492408 a multiple of 7?
True
Does 188 divide 137483?
False
Is 1449 a factor of 5194665?
True
Is 2 a factor of 5891?
False
Is 12392115 a multiple of 78?
False
Is 3 a factor of 36477?
True
Is 1248073 a multiple of 43?
False
Does 39 divide 15826?
False
Is 46 a factor of 949670?
True
Is 33 a factor of 207515?
False
Does 116 divide 408088?
True
Is 12 a factor of 374244?
True
Does 409 divide 1896030?
False
Is 13 a factor of 5455196?
False
Is 16 a factor of 25888?
True
Is 1397 a factor of 775335?
True
Is 24 a factor of 298512?
True
Is 17537800 a multiple of 50?
True
Is 29 a factor of 346347?
True
Is 20880 a multiple of 30?
True
Does 13 divide 650585?
True
Does 764 divide 6115056?
True
Does 98 divide 712950?
True
Does 310 divide 811580?
True
Is 120 a factor of 123641?
False
Does 25 divide 693889?
False
Is 97 a factor of 1588248?
False
Is 2823274 a multiple of 30?
False
Is 145340 a multiple of 43?
True
Does 88 divide 30241?
False
Is 2381 even?
False
Is 327 a factor of 2906049?
True
Is 4539 a multiple of 17?
True
Is 31 a factor of 375658?
True
Is 83331 a multiple of 6?
False
Does 2 divide 2505386?
True
Is 188944 a multiple of 14?
True
Is 99 a factor of 25047?
True
Does 15 divide 241875?
True
Is 7936015 a multiple of 95?
True
Does 46 divide 199594?
True
Does 68 divide 14620?
True
Is 892021 a multiple of 6?
False
Does 16 divide 217760?
True
Does 139 divide 1440040?
True
Does 186 divide 61194?
True
Does 67 divide 14549251?
True
Is 4 a factor of 8660?
True
Does 35 divide 1679300?
True
Is 28751068 a multiple of 12?
False
Is 12321120 a multiple of 665?
True
Is 227 a factor of 82465?
False
Is 129 a factor of 146544?
True
Is 16250518 a multiple of 107?
True
Is 47 a factor of 78121?
False
Is 18753 a multiple of 46?
False
Is 998712 a multiple of 143?
True
Does 6 divide 1025643?
False
Is 3844068 a multiple of 10?
False
Does 305 divide 80697?
False
Is 155 a factor of 271250?
True
Is 343416 a multiple of 6?
True
Is 40 a factor of 2400453?
False
Is 1001 a factor of 5133008?
False
Is 153578 a multiple of 113?
False
Is 73728 a multiple of 2?
True
Does 14 divide 143828?
False
Is 7034190 a multiple of 8?
False
Is 76 a factor of 9593893?
False
Is 7904124 a multiple of 87?
True
Is 769745 a multiple of 5?
True
Does 37 divide 173287?
False
Is 2027199 a multiple of 1251?
False
Is 9 a factor of 2551179?
False
Is 338 a factor of 176098?
True
Does 405 divide 1799415?
True
Is 43 a factor of 23845?
False
Is 21 a factor of 325491?
False
Is 4893744 a multiple of 344?
True
Is 139464 a multiple of 52?
True
Is 12 a factor of 618069?
False
Is 115 a factor of 749871?
False
Is 457360 a multiple of 5?
True
Is 76 a factor of 161166?
False
Is 2054777 a multiple of 5?
False
Is 29 a factor of 371673?
False
Is 737373 a multiple of 37?
True
Is 1436208 a multiple of 24?
True
Is 501543 a multiple of 19?
True
Is 829142 a multiple of 13?
False
Is 181 a factor of 68418?
True
Is 13539730 a multiple of 1748?
False
Is 113825 a multiple of 157?
True
Is 119264 a multiple of 8?
True
Does 238 divide 2618?
True
Is 768117 a multiple of 79?
True
Does 7 divide 757699?
False
Is 47242 a multiple of 35?
False
Does 259 divide 1647856?
False
Does 12 divide 65040?
True
Does 84 divide 2145499?
False
Is 194819 a multiple of 8?
False
Is 465 a factor of 608220?
True
Is 121185 a multiple of 15?
True
Is 24 a factor of 101400?
True
Is 823941 a multiple of 747?
True
Is 934407 a multiple of 239?
False
Is 22 a factor of 73499?
False
Is 198 a factor of 836521?
False
Is 2556543 a multiple of 130?
False
Is 3665466 a multiple of 126?
True
Is 27 a factor of 892500?
False
Is 9447400 a multiple of 50?
True
Is 1683071 a multiple of 23?
True
Is 978 a factor of 31374240?
True
Is 33980 a multiple of 146?
False
Is 109 a factor of 1720242?
False
Is 1789895 a multiple of 22?
False
Is 4799910 a multiple of 193?
True
Is 35 a factor of 394940?
True
Is 22 a factor of 161238?
True
Does 21 divide 387471?
True
Is 359 a factor of 282845?
False
Is 317 a factor of 208394?
False
Is 918199 a multiple of 102?
False
Is 397959 a multiple of 10?
False
Does 42 divide 371169?
False
Is 3930573 a multiple of 87?
True
Does 110 divide 14961?
False
Is 86279 a multiple of 17?
False
Is 705550 a multiple of 10?
True
Is 1057920 a multiple of 240?
True
Is 278 a factor of 441903?
False
Is 1311336 a multiple of 36?
True
Is 895 a factor of 3473350?
False
Is 3049392 a multiple of 148?
True
Does 236 divide 3516064?
False
Is 56 a factor of 1041121?
False
Is 6344685 a multiple of 60?
False
Is 408309 a multiple of 33?
True
Does 469 divide 10534420?
False
Is 14 a factor of 840518?
True
Does 44 divide 11308069?
False
Is 28671 a multiple of 73?
False
Is 323 a factor of 448867?
False
Is 142 a factor of 387160?
False
Does 322 divide 1708649?
False
Does 104 divide 6349616?
True
Is 6185284 a multiple of 14?
True
Is 146606 a multiple of 13?
False
Is 2989152 a multiple of 97?
True
Does 1049 divide 23021629?
False
Is 172714 a multiple of 104?
False
Is 7402 a multiple of 5?
False
Is 16 a factor of 26180?
False
Is 20 a factor of 890169?
False
Is 36 a factor of 4921594?
False
Is 5 a factor of 581829?
False
Is 67 a factor of 4147367?
True
Is 32 a factor of 2710048?
True
Does 5 divide 1636415?
True
Does 24 divide 144002?
False
Is 573 a factor of 22130824?
False
Is 123 a factor of 1274041?
False
Is 31 a factor of 166718?
True
Is 7 a factor of 53046?
True
Does 11 divide 2614458?
True
Is 230 a factor of 2476870?
True
Does 249 divide 418320?
True
Is 98 a factor of 420322?
True
Does 31 divide 430402?
False
Is 880580 a multiple of 72?
False
Is 582 a factor of 679194?
True
Is 436 a factor of 303456?
True
Is 14 a factor of 49574?
True
Is 82722 even?
True
Is 19 a factor of 1492507?
True
Is 9729520 a multiple of 296?
True
Is 257022 a multiple of 37?
False
Is 11 a factor of 370469?
True
Is 93515 a multiple of 295?
True
Is 67 a factor of 2718438?
False
Is 220450 a multiple of 50?
True
Is 202 a factor of 776690?
True
Is 129 a factor of 4978?
False
Is 37357 a multiple of 6?
False
Is 712684 a multiple of 14?
True
Is 548327 a multiple of 13?
True
Is 3102292 a multiple of 243?
False
Is 152 a factor of 445349?
False
Is 13 a factor of 237692?
True
Is 2 a factor of 9412?
True
Does 34 divide 1826820?
True
Does 4 divide 538736?
True
Does 11 divide 447493?
False
Is 57047 a multiple of 98?
False
Is 14 a factor of 7280?
True
Is 41 a factor of 4515986?
True
Is 33 a factor of 1165560?
True
Does 121 divide 302753?
False
Is 47 a factor of 10166758?
True
Is 15 a factor of 1035900?
True
Is 125267 a multiple of 141?
False
Is 677939 a multiple of 4?
False
Is 4188546 a multiple of 47?
True
Is 248 a factor of 344472?
True
Is 6 a factor of 290495?
False
Is 988 a factor of 520365?
False
Is 339 a factor of 7273053?
False
Is 1922386 a multiple of 29?
False
Is 60 a factor of 29196778?
False
Is 773560 a multiple of 3?
False
Is 13233 a multiple of 76?
False
Does 27 divide 576?
False
Is 20 a factor of 9009660?
True
Is 3631107 a multiple of 24?
False
Is 3 a factor of 755970?
True
Is 869241 a multiple of 358?
False
Is 119320 a multiple of 40?
True
Is 44 a factor of 7192284?
True
Is 277601 a multiple of 10?
False
Is 11960 a multiple of 52?
True
Does 5 divide 78319?
False
Is 5 a factor of 2427814?
False
Is 1750642 a multiple of 17?
False
Is 86401 a multiple of 47?
False
Is 4 a factor of 105280?
True
Does 35 divide 14903420?
True
Is 1403136 a multiple of 112?
True
Is 91954 a multiple of 46?
True
Is 232 a factor of 45704?
True
Is 12 a factor of 662508?
True
Is 6121518 a multiple of 19?
False
Is 98 a factor of 1055558?
True
Is 1096410 a multiple of 115?
True
Does 60 divide 6059940?
True
Does 286 divide 105432?
False
Does 27 divide 546321?
False
Is 724592 a multiple of 225?
False
Is 3178 a multiple of 41?
False
Is 200732 a multiple of 7?
True
Does 31 divide 44144?
True
Is 346526 a multiple of 2?
True
Does 70 divide 7115080?
True
Does 142 divide 16519096?
False
Is 2101 a factor of 1281610?
True
Does 13 divide 1246843?
True
Is 63967 a multiple of 14?
False
Does 16 divide 75600?
True
Is 32452 a multiple of 76?
True
Does 13 divide 1372